 base 6, what is 331214 + 11?
331225
In base 2, what is 110001001 + 100100101?
1010101110
In base 4, what is 10 + 102302120?
102302130
In base 16, what is 5 - -228c?
2291
In base 15, what is -3 - 982a?
-982d
In base 2, what is 111100101101000001010 - 101?
111100101101000000101
In base 12, what is 3 - -51114?
51117
In base 3, what is 1201 - -2020022?
2022000
In base 5, what is 4030243 + 11?
4030304
In base 10, what is -27218 + 1?
-27217
In base 2, what is -100011 - 1000110010100?
-1000110110111
In base 3, what is -2212100 + -11?
-2212111
In base 16, what is -1b - 97?
-b2
In base 7, what is -4126 - 25?
-4154
In base 4, what is 103031100123 - 0?
103031100123
In base 16, what is -15 - -360a?
35f5
In base 12, what is -b - a9779?
-a9788
In base 8, what is 1031 + 4735?
5766
In base 4, what is -2012032 + 10?
-2012022
In base 7, what is -1064 - 30502?
-31566
In base 12, what is -1ba + 69?
-151
In base 3, what is -1222202200 - 0?
-1222202200
In base 3, what is 12 + -120000101?
-120000012
In base 14, what is 1 - 2d10?
-2d0d
In base 13, what is -c17 + 129?
-abb
In base 13, what is 5588 + -2?
5586
In base 16, what is -1c + -9ae?
-9ca
In base 6, what is -410542 - -12?
-410530
In base 9, what is 55538 - -18?
55557
In base 10, what is -4 + -13962?
-13966
In base 13, what is -8969 - -1?
-8968
In base 16, what is 0 + f484e?
f484e
In base 7, what is 126521 - -3?
126524
In base 5, what is -133 + -1303?
-1441
In base 5, what is -10 + -130103?
-130113
In base 6, what is -3 + 25110554?
25110551
In base 12, what is 38 + -6b86?
-6b4a
In base 10, what is 47 + 260?
307
In base 9, what is -5600 - 560?
-6260
In base 15, what is -947db + -2?
-947dd
In base 10, what is 33 - -8458?
8491
In base 3, what is -11022 + -2110?
-20202
In base 8, what is 15 + 6441?
6456
In base 2, what is 111011101111 - 1110101111?
101101000000
In base 7, what is 5 + 11020?
11025
In base 13, what is -21 - -900?
8ac
In base 15, what is 589b - -3?
589e
In base 8, what is -1 + -14153?
-14154
In base 14, what is 664 - 24?
640
In base 8, what is -77326 - -202?
-77124
In base 6, what is -4042 + 5124?
1042
In base 5, what is 23142141 + -3?
23142133
In base 7, what is -216 + -3156?
-3405
In base 10, what is 66 - 1026?
-960
In base 11, what is 6996 - 9?
6988
In base 15, what is 32 + 867a?
86ac
In base 15, what is -ab - 95?
-151
In base 13, what is 6043 + 0?
6043
In base 2, what is -11100101100001011 + -11?
-11100101100001110
In base 7, what is -1 + -41024?
-41025
In base 3, what is -10000202 + 1112112?
-1111020
In base 5, what is 2 + 2304042?
2304044
In base 6, what is -2330 - 50?
-2420
In base 3, what is 111210 - 1202021?
-1020111
In base 13, what is -2 + 3b41?
3b3c
In base 14, what is -1827b4 + -4?
-1827b8
In base 4, what is 1320320 + 10?
1320330
In base 9, what is 72281 + 5?
72286
In base 16, what is -244 + -5?
-249
In base 2, what is -10 - -1010101100101011?
1010101100101001
In base 9, what is -53 - 28570?
-28633
In base 4, what is 1330200 - -1?
1330201
In base 2, what is -1001100 + -111001001001?
-111010010101
In base 9, what is -70547 - 7?
-70555
In base 4, what is -3023 + 111132?
102103
In base 15, what is 17 + 3037?
304e
In base 9, what is 48 - -15700?
15748
In base 13, what is -5a49 - 9?
-5a55
In base 16, what is 2 + -26fb?
-26f9
In base 2, what is -11 - -11101000100?
11101000001
In base 9, what is 1 + -1888?
-1887
In base 4, what is 1313232322 + -1?
1313232321
In base 13, what is -2a6 - -133?
-173
In base 2, what is -1111111100 - 100?
-10000000000
In base 3, what is -202210010020 + 2?
-202210010011
In base 6, what is -2013 - 251?
-2304
In base 14, what is 3 - 574?
-571
In base 10, what is -2067 - -84?
-1983
In base 8, what is 16670 - -11?
16701
In base 8, what is -521 + -5744?
-6465
In base 5, what is -124320030 - -10?
-124320020
In base 5, what is -13331140 - 32?
-13331222
In base 2, what is 11 - -111010011111100110?
111010011111101001
In base 15, what is c73 + -23?
c50
In base 5, what is -12 - -4312213?
4312201
In base 12, what is 0 - 10b9?
-10b9
In base 3, what is 11000201 - 221121?
10002010
In base 14, what is -19968 + 3?
-19965
In base 13, what is 21703 - 31?
216a2
In base 3, what is -102 + -21021221?
-21022100
In base 14, what is -354360 - 2?
-354362
In base 7, what is 2 - 221454?
-221452
In base 16, what is 70d - -2e?
73b
In base 9, what is 1246 + 27?
1274
In base 12, what is -10620bb + 5?
-10620b6
In base 7, what is -3210 - 201?
-3411
In base 15, what is -7901 - 1?
-7902
In base 16, what is b7 - -4d?
104
In base 5, what is 103 + -13324?
-13221
In base 10, what is -32616 - -5?
-32611
In base 15, what is 276 - -12a?
3a1
In base 14, what is 9a92d + 2?
9a931
In base 13, what is -1 + -1cc503?
-1cc504
In base 8, what is -1466 + -175?
-1663
In base 11, what is -206 + -636?
-841
In base 5, what is -22100 + -11?
-22111
In base 13, what is -5 - 45a9b?
-45aa3
In base 8, what is -5 + -115165?
-115172
In base 15, what is 2c9a - 1?
2c99
In base 14, what is -2d - -5b5b?
5b2c
In base 6, what is -31335 - -2?
-31333
In base 14, what is 11c - 389b?
-377d
In base 14, what is -b1 - -d46?
c75
In base 12, what is -352252 + -3?
-352255
In base 10, what is 40 + 29763?
29803
In base 2, what is 101 - -101110000011110?
101110000100011
In base 14, what is -26 + 9b72?
9b4a
In base 13, what is -3 - 68622?
-68625
In base 14, what is -dcd2 + -14?
-dd06
In base 6, what is -14404 - -323?
-14041
In base 11, what is -678 + -756?
-1323
In base 9, what is 313871 + -1?
313870
In base 3, what is -11 - 100002211102?
-100002211120
In base 9, what is 4265 - -636?
5012
In base 11, what is 1 + 1264a4?
1264a5
In base 9, what is 10 - -4241?
4251
In base 13, what is c56c6 + 1?
c56c7
In base 9, what is 2 - -520?
522
In base 8, what is 11505 + 41?
11546
In base 16, what is -2 + 55e3?
55e1
In base 6, what is -10 + 1044051?
1044041
In base 10, what is 11596 - 4?
11592
In base 4, what is -112 - -32200?
32022
In base 14, what is 2 - -1945b?
1945d
In base 5, what is 0 + 120401?
120401
In base 12, what is -4971 - 2b?
-49a0
In base 10, what is -610432 - 2?
-610434
In base 4, what is -11 + 33311203?
33311132
In base 7, what is -163 - 115?
-311
In base 2, what is -100 - 111010010100100?
-111010010101000
In base 13, what is 2 - 547c?
-547a
In base 13, what is -44 - -bc1b?
bba7
In base 16, what is 13 + 261?
274
In base 6, what is 13 - -324?
341
In base 8, what is -3240 + 4650?
1410
In base 13, what is 100 + -170c?
-160c
In base 6, what is 35324 - 503?
34421
In base 5, what is 1001012 - 1?
1001011
In base 15, what is -68d9 - ad?
-6997
In base 11, what is 102a - 43?
a97
In base 7, what is -56221 + -236?
-56460
In base 6, what is 3 + -13120205?
-13120202
In base 2, what is 100110 + 11111001100101101?
11111001101010011
In base 4, what is -1 - 332230?
-332231
In base 9, what is 758554 - 5?
758548
In base 4, what is -1000013111 - -3?
-1000013102
In base 8, what is 777 - 44?
733
In base 16, what is 408 - 293?
175
In base 6, what is -3 - 13543334?
-13543341
In base 7, what is -44451 - 36?
-44520
In base 5, what is -120041 + -243?
-120334
In base 3, what is 102 - -2210222210?
2211000012
In base 4, what is -220010 - -12100?
-201310
In base 9, what is 286 + 801?
1187
In base 9, what is -1 - -1042?
1041
In base 15, what is -ebd - -d7?
-dd6
In base 8, what is -3 - -3445?
3442
In base 11, what is 2 - 10751?
-1074a
In base 6, what is 32 - -10131?
10203
In base 15, what is -2b - 74b?
-777
In base 6, what is -2331422 + -2?
-2331424
In base 8, what is 1 - -4325?
4326
In base 12, what is -351 + -751?
-aa2
In base 12, what is -632b8 + -2?
-632ba
In base 2, what is -10000 + -1100110101001?
-1100110111001
In base 5, what is -1413412 - 1?
-1413413
In base 9, what is 1462 + -46?
1415
In base 2, what is -100000001000 - 1011?
-100000010011
In base 11, what is -532a3 + -4?
-532a7
In base 5, what is 4 - 314322?
-314313
In base 3, what is 201000122011 - -1?
201000122012
In base 8, what is 11356 - 16?
11340
In base 12, what is -7b435 - 2?
-7b437
In base 9, what is -272 + 13?
-258
In base 7, what is -11303 + 41?
-11232
In base 14, what is 0 + 2c3b8?
2c3b8
In base 3, what is 12122122021 - -2?
12122122100
In base 14, what is 13b13 - 9?
13b08
In base 9, what is 3754 + 5?
3760
In base 2, what is -1001110101101 - -10001000?
-1001100100101
In base 15, what is -12e + -e2?
-221
In bas